3d - -18?
-25
In base 6, what is 1 + 1002?
1003
In base 11, what is -3 - -78?
75
In base 13, what is 89 - 2?
87
In base 9, what is 13337 - 4?
13333
In base 5, what is -12423 - 3?
-12431
In base 15, what is -3 + -5?
-8
In base 13, what is 5 - 2b16?
-2b11
In base 6, what is 2 + -135?
-133
In base 13, what is -c - 4?
-13
In base 15, what is a + -4a?
-40
In base 7, what is 0 + 2264?
2264
In base 9, what is -5 + -10677?
-10683
In base 8, what is 142 - -7?
151
In base 14, what is -17 - -8?
-d
In base 4, what is -222 + -3?
-231
In base 13, what is -1 + 136?
135
In base 13, what is -43 - -9?
-37
In base 4, what is -100220 - 11?
-100231
In base 15, what is 2 + -229?
-227
In base 14, what is 1ad + -5?
1a8
In base 2, what is 11011001 - -1001?
11100010
In base 14, what is -c52 + 2?
-c50
In base 12, what is 7 + 218?
223
In base 15, what is 85 + -1?
84
In base 10, what is 0 - -148?
148
In base 6, what is 33 + 23?
100
In base 2, what is -111 + -1111000?
-1111111
In base 12, what is 5 - 1941?
-1938
In base 6, what is -42 + -441?
-523
In base 5, what is -133 - 310?
-443
In base 9, what is 4 - 141?
-136
In base 12, what is -2197 + -3?
-219a
In base 8, what is -2 - 1421?
-1423
In base 5, what is -40 - 320?
-410
In base 7, what is -52 + 41?
-11
In base 2, what is 10000 - -1001?
11001
In base 9, what is -376 - 1?
-377
In base 12, what is 3 + 1b?
22
In base 11, what is 56a + -4?
566
In base 15, what is 4 - 55?
-51
In base 6, what is -125 - 2?
-131
In base 10, what is 4 - 31?
-27
In base 4, what is 202 + 20?
222
In base 13, what is -54a8 + 0?
-54a8
In base 16, what is a + 87?
91
In base 16, what is 20 - -1c?
3c
In base 12, what is 38 - 2?
36
In base 4, what is -2 + 12?
10
In base 11, what is 39 - 3?
36
In base 12, what is 3 + -36?
-33
In base 5, what is -3001 - 11?
-3012
In base 16, what is 0 - 54?
-54
In base 13, what is -381 + -1?
-382
In base 6, what is 2 + -210?
-204
In base 14, what is 6b - 11?
5a
In base 15, what is -5 + e?
9
In base 3, what is 10 + -221220?
-221210
In base 15, what is -23 + 60?
3c
In base 10, what is 193 + -4?
189
In base 5, what is -22 - 2101?
-2123
In base 11, what is 2 + 37?
39
In base 14, what is 1 - 0?
1
In base 3, what is 12 + 1020?
1102
In base 7, what is -261 + 3?
-255
In base 14, what is 4 + 40?
44
In base 7, what is -1 - 3512?
-3513
In base 7, what is 412 - 5?
404
In base 3, what is -10221 + 11?
-10210
In base 5, what is 224 - -4?
233
In base 8, what is -3 + 10?
5
In base 6, what is 5 + 2351?
2400
In base 14, what is 5 - 18?
-13
In base 7, what is -1 + 31?
30
In base 9, what is -7 + -1317?
-1325
In base 9, what is 62 + -14?
47
In base 4, what is -33022 - 10?
-33032
In base 15, what is 73 + 13?
86
In base 3, what is -111 - 1?
-112
In base 5, what is -1443 + 3?
-1440
In base 8, what is -31 + -264?
-315
In base 10, what is 1 - 44?
-43
In base 12, what is 478 + 1?
479
In base 14, what is -2 + 6a9?
6a7
In base 9, what is -332 - -2?
-330
In base 14, what is -c + 6c?
60
In base 5, what is 2301020 - -3?
2301023
In base 10, what is 3 + -244?
-241
In base 9, what is -33 + -10?
-43
In base 13, what is 210 - 5a?
183
In base 13, what is 1a7 - -1?
1a8
In base 4, what is -121201 - -12?
-121123
In base 2, what is 10 + -10101000?
-10100110
In base 4, what is 102313 - -13?
102332
In base 8, what is -102 - -12?
-70
In base 3, what is -10002222 - 12?
-10010011
In base 2, what is -1010101011 - -101?
-1010100110
In base 15, what is -1 + 4b?
4a
In base 7, what is 201 + 3?
204
In base 5, what is 13 + 4?
22
In base 11, what is -3 - -50?
48
In base 6, what is -1 - 1503?
-1504
In base 3, what is -22 + -1202?
-2001
In base 4, what is -222133 + -1?
-222200
In base 11, what is -72 + -23?
-95
In base 7, what is 3 - 2614?
-2611
In base 16, what is -e8 + 4?
-e4
In base 8, what is -5555 + -5?
-5562
In base 14, what is -12 - -1b?
9
In base 5, what is -223 + -33?
-311
In base 16, what is 10c + -f?
fd
In base 4, what is 1001 + -1001?
0
In base 2, what is 100111010 - -1010?
101000100
In base 6, what is 113 + 1?
114
In base 3, what is 0 + 10020210?
10020210
In base 6, what is 1343 - 103?
1240
In base 7, what is 1541 + 122?
1663
In base 6, what is -1051 - 11?
-1102
In base 11, what is 10 + -9a6?
-996
In base 2, what is -1100 + -10001?
-11101
In base 8, what is 1 + 45?
46
In base 8, what is -3 + 57?
54
In base 15, what is -3 - 5b?
-5e
In base 5, what is 1023 + -10?
1013
In base 7, what is 35 + 5?
43
In base 10, what is 1 + -27?
-26
In base 6, what is 5 + 201?
210
In base 8, what is -3 + -77?
-102
In base 4, what is -12301 + 10?
-12231
In base 6, what is 4 - -31?
35
In base 11, what is 2 + -9?
-7
In base 14, what is -3c - 5?
-43
In base 11, what is 27 - -26?
52
In base 7, what is -50 + 4?
-43
In base 2, what is 100100 - -1001001?
1101101
In base 11, what is 6a5 + 3?
6a8
In base 13, what is 36 - -11?
47
In base 5, what is -1 - -1231?
1230
In base 13, what is -232c - 4?
-2333
In base 12, what is -58 - -2?
-56
In base 14, what is -4 + 4d?
49
In base 15, what is -51 + -4?
-55
In base 5, what is 4 + -111033?
-111024
In base 8, what is 3 + -50?
-45
In base 8, what is -20 + -3?
-23
In base 5, what is 2023 - 3?
2020
In base 14, what is 0 - -555?
555
In base 16, what is -1d - -9f?
82
In base 11, what is -51 + -4?
-55
In base 12, what is 1 - 2?
-1
In base 10, what is 7817 + -5?
7812
In base 14, what is 4 - -72?
76
In base 14, what is 2 + 1d?
21
In base 5, what is -210 - 1?
-211
In base 8, what is 23 + -556?
-533
In base 12, what is 82 + 5?
87
In base 2, what is -111101 + 1000?
-110101
In base 14, what is -336 - -2?
-334
In base 9, what is -3 - 153?
-156
In base 16, what is 4e + 4f?
9d
In base 6, what is -242 + -34?
-320
In base 2, what is 1001010011 - -1?
1001010100
In base 7, what is 3626 + 3?
3632
In base 4, what is -3 - -12031?
12022
In base 10, what is -7 + 409?
402
In base 16, what is -2 - -4b?
49
In base 6, what is -100 - 530?
-1030
In base 11, what is 2 - -1522?
1524
In base 13, what is -3 + 2cb?
2c8
In base 5, what is 12 + 230?
242
In base 9, what is -8 - 644?
-653
In base 14, what is -52 + 1c?
-34
In base 2, what is -10100101 - 11111?
-11000100
In base 5, what is 3433 - -111?
4044
In base 13, what is -38 - -19c?
164
In base 3, what is -111 + -100?
-211
In base 10, what is 1986 + -6?
1980
In base 3, what is -102 + -220?
-1022
In base 16, what is -4b + -4?
-4f
In base 3, what is -1100 + 1?
-1022
In base 3, what is -10 - 10212111?
-10212121
In base 9, what is -1172 - 1?
-1173
In base 13, what is 7 - -6?
10
In base 3, what is -10 - 22222?
-100002
In base 10, what is -4 - 59?
-63
In base 6, what is 3 + 23103?
23110
In base 8, what is 2143 - 3?
2140
In base 14, what is 51 + 31?
82
In base 14, what is -19c - 1?
-19d
In base 3, what is -21210 - -1?
-21202
In base 16, what is b6f - -3?
b72
In base 2, what is -1001 - -1110?
101
In base 16, what is -3 - -f3a?
f37
In base 11, what is 6 - -34?
3a
In base 11, what is 3a2 + 1?
3a3
In base 6, what is 5405 + -2?
5403
In base 8, what is -22 + 12?
-10
In base 4, what is -10 + -10031?
-10101
In base 11, what is 35 + -6?
2a
In base 16, what is -5 - -61?
5c
In base 12, what is 6 - -17b?
185
In base 10, what is 1 + -48?
-47
In base 13, what is 17 + 19?
33
In base 9, what is 0 - -321?
321
In base 8, what is -2 - 54?
-56
In base 16, what is a + -66?
-5c
In base 14, what is 12 + 8?
1a
In base 8, what is -4 - 47?
-53
In base 2, what is -1010 + -11101?
-100111
In base 11, what is 1 + 331?
332
In base 11, what is 14 - 20?
-7
In base 11, what is 17274 + -5?
1726a
In base 12, what is -26 + -2?
-28
In base 14, what is 1 + 119?
11a
In base 12, what is 694 - -5?
699
In base 4, what is -2 + -2011?
-2013
In base 4, what is -102 - 301?
-1003
In base 14, what is -5 - 58?
-5d
In base 15, what is 3a + 4?
3e
In base 3, what is -101 + -1100022?
-1100200
In base 10, what is 11 + -65?
-54
In base 16, what is -3 - -c30?
c2d
In base 16, what is -251 - 1?
-252
In base 15, what is -d6 - -2?
-d4
In base 4, what is 3033 + 121?
3220
In base 11, what is 4 - -72?
76
In base 12, what is 16b + -2?
169
In base 10, what is 16 + -1?
15
In base 6, what is -532413 - 3?
-532420
In base 7, what is 10351 - 5?
10343
In base 14, what is -5 - -16?
11
In base 3, what is 222 + 2?
1001
In base 8, what is 5 + -44?
-37
In base 16, what is -12d - f?
-13c
In base 7, what is -2312 + 3?
-2306
